{"id":3153,"date":"2017-05-19T09:55:00","date_gmt":"2017-05-19T07:55:00","guid":{"rendered":"https:\/\/idee21.ch\/projet\/la-place-du-marche\/"},"modified":"2023-11-28T10:35:32","modified_gmt":"2023-11-28T09:35:32","slug":"la-place-du-marche","status":"publish","type":"projet","link":"https:\/\/idee21.ch\/de\/projet\/la-place-du-marche\/","title":{"rendered":"La place est libre!"},"content":{"rendered":"","protected":false},"featured_media":1250,"template":"","category":[36],"keywords":[95],"class_list":["post-3153","projet","type-projet","status-publish","has-post-thumbnail","hentry","category-partizipation","keywords-stadtplanung"],"acf":[],"yoast_head":"<!-- This site is optimized with the Yoast SEO plugin v27.5 - https:\/\/yoast.com\/product\/yoast-seo-wordpress\/ -->\n<title>La place est libre! &#8212; Consultation Place du March\u00e9 &#8212; Id\u00e9e 21<\/title>\n<meta name=\"description\" content=\"D\u00e9marche participative &quot;La place est libre&quot; pour le r\u00e9am\u00e9nagement de la future place du March\u00e9 \u00e0 Vevey\" \/>\n<meta name=\"robots\" content=\"index, follow, max-snippet:-1, max-image-preview:large, max-video-preview:-1\" \/>\n<link rel=\"canonical\" href=\"https:\/\/idee21.ch\/de\/projet\/la-place-du-marche\/\" \/>\n<meta property=\"og:locale\" content=\"de_DE\" \/>\n<meta property=\"og:type\" content=\"article\" \/>\n<meta property=\"og:title\" content=\"La Place est libre!\" \/>\n<meta property=\"og:description\" content=\"D\u00e9marche participative &quot;La place est libre&quot; pour le r\u00e9am\u00e9nagement de la future place du March\u00e9 \u00e0 Vevey\" \/>\n<meta property=\"og:url\" content=\"https:\/\/idee21.ch\/de\/projet\/la-place-du-marche\/\" \/>\n<meta property=\"og:site_name\" content=\"Id\u00e9e 21\" \/>\n<meta property=\"article:modified_time\" content=\"2023-11-28T09:35:32+00:00\" \/>\n<meta property=\"og:image\" content=\"https:\/\/idee21.ch\/wp-content\/uploads\/2020\/05\/imagetitre_placeestlibre.jpg\" \/>\n\t<meta property=\"og:image:width\" content=\"1200\" \/>\n\t<meta property=\"og:image:height\" content=\"765\" \/>\n\t<meta property=\"og:image:type\" content=\"image\/jpeg\" \/>\n<meta name=\"twitter:card\" content=\"summary_large_image\" \/>\n<script type=\"application\/ld+json\" class=\"yoast-schema-graph\">{\"@context\":\"https:\\\/\\\/schema.org\",\"@graph\":[{\"@type\":\"WebPage\",\"@id\":\"https:\\\/\\\/idee21.ch\\\/de\\\/projet\\\/la-place-du-marche\\\/\",\"url\":\"https:\\\/\\\/idee21.ch\\\/de\\\/projet\\\/la-place-du-marche\\\/\",\"name\":\"La place est libre! &#8212; Consultation Place du March\u00e9 &#8212; Id\u00e9e 21\",\"isPartOf\":{\"@id\":\"https:\\\/\\\/idee21.ch\\\/#website\"},\"primaryImageOfPage\":{\"@id\":\"https:\\\/\\\/idee21.ch\\\/de\\\/projet\\\/la-place-du-marche\\\/#primaryimage\"},\"image\":{\"@id\":\"https:\\\/\\\/idee21.ch\\\/de\\\/projet\\\/la-place-du-marche\\\/#primaryimage\"},\"thumbnailUrl\":\"https:\\\/\\\/idee21.ch\\\/wp-content\\\/uploads\\\/2020\\\/05\\\/imagetitre_placeestlibre.jpg\",\"datePublished\":\"2017-05-19T07:55:00+00:00\",\"dateModified\":\"2023-11-28T09:35:32+00:00\",\"description\":\"D\u00e9marche participative \\\"La place est libre\\\" pour le r\u00e9am\u00e9nagement de la future place du March\u00e9 \u00e0 Vevey\",\"breadcrumb\":{\"@id\":\"https:\\\/\\\/idee21.ch\\\/de\\\/projet\\\/la-place-du-marche\\\/#breadcrumb\"},\"inLanguage\":\"de-CH\",\"potentialAction\":[{\"@type\":\"ReadAction\",\"target\":[\"https:\\\/\\\/idee21.ch\\\/de\\\/projet\\\/la-place-du-marche\\\/\"]}]},{\"@type\":\"ImageObject\",\"inLanguage\":\"de-CH\",\"@id\":\"https:\\\/\\\/idee21.ch\\\/de\\\/projet\\\/la-place-du-marche\\\/#primaryimage\",\"url\":\"https:\\\/\\\/idee21.ch\\\/wp-content\\\/uploads\\\/2020\\\/05\\\/imagetitre_placeestlibre.jpg\",\"contentUrl\":\"https:\\\/\\\/idee21.ch\\\/wp-content\\\/uploads\\\/2020\\\/05\\\/imagetitre_placeestlibre.jpg\",\"width\":1200,\"height\":765,\"caption\":\"La Place est libre!\"},{\"@type\":\"BreadcrumbList\",\"@id\":\"https:\\\/\\\/idee21.ch\\\/de\\\/projet\\\/la-place-du-marche\\\/#breadcrumb\",\"itemListElement\":[{\"@type\":\"ListItem\",\"position\":1,\"name\":\"Accueil\",\"item\":\"https:\\\/\\\/idee21.ch\\\/de\\\/startseite\\\/\"},{\"@type\":\"ListItem\",\"position\":2,\"name\":\"Projets\",\"item\":\"https:\\\/\\\/idee21.ch\\\/de\\\/projet\\\/\"},{\"@type\":\"ListItem\",\"position\":3,\"name\":\"La place est libre!\"}]},{\"@type\":\"WebSite\",\"@id\":\"https:\\\/\\\/idee21.ch\\\/#website\",\"url\":\"https:\\\/\\\/idee21.ch\\\/\",\"name\":\"IDEE 21\",\"description\":\"Strat\u00e9gies en durabilit\u00e9\",\"publisher\":{\"@id\":\"https:\\\/\\\/idee21.ch\\\/#organization\"},\"potentialAction\":[{\"@type\":\"SearchAction\",\"target\":{\"@type\":\"EntryPoint\",\"urlTemplate\":\"https:\\\/\\\/idee21.ch\\\/?s={search_term_string}\"},\"query-input\":{\"@type\":\"PropertyValueSpecification\",\"valueRequired\":true,\"valueName\":\"search_term_string\"}}],\"inLanguage\":\"de-CH\"},{\"@type\":\"Organization\",\"@id\":\"https:\\\/\\\/idee21.ch\\\/#organization\",\"name\":\"IDEE 21\",\"url\":\"https:\\\/\\\/idee21.ch\\\/\",\"logo\":{\"@type\":\"ImageObject\",\"inLanguage\":\"de-CH\",\"@id\":\"https:\\\/\\\/idee21.ch\\\/#\\\/schema\\\/logo\\\/image\\\/\",\"url\":\"https:\\\/\\\/idee21.ch\\\/wp-content\\\/uploads\\\/2019\\\/10\\\/idee21_logo_noir_100_prod.png\",\"contentUrl\":\"https:\\\/\\\/idee21.ch\\\/wp-content\\\/uploads\\\/2019\\\/10\\\/idee21_logo_noir_100_prod.png\",\"width\":150,\"height\":57,\"caption\":\"IDEE 21\"},\"image\":{\"@id\":\"https:\\\/\\\/idee21.ch\\\/#\\\/schema\\\/logo\\\/image\\\/\"}}]}<\/script>\n<!-- \/ Yoast SEO plugin. -->","yoast_head_json":{"title":"La place est libre! &#8212; Consultation Place du March\u00e9 &#8212; Id\u00e9e 21","description":"D\u00e9marche participative \"La place est libre\" pour le r\u00e9am\u00e9nagement de la future place du March\u00e9 \u00e0 Vevey","robots":{"index":"index","follow":"follow","max-snippet":"max-snippet:-1","max-image-preview":"max-image-preview:large","max-video-preview":"max-video-preview:-1"},"canonical":"https:\/\/idee21.ch\/de\/projet\/la-place-du-marche\/","og_locale":"de_DE","og_type":"article","og_title":"La Place est libre!","og_description":"D\u00e9marche participative \"La place est libre\" pour le r\u00e9am\u00e9nagement de la future place du March\u00e9 \u00e0 Vevey","og_url":"https:\/\/idee21.ch\/de\/projet\/la-place-du-marche\/","og_site_name":"Id\u00e9e 21","article_modified_time":"2023-11-28T09:35:32+00:00","og_image":[{"width":1200,"height":765,"url":"https:\/\/idee21.ch\/wp-content\/uploads\/2020\/05\/imagetitre_placeestlibre.jpg","type":"image\/jpeg"}],"twitter_card":"summary_large_image","schema":{"@context":"https:\/\/schema.org","@graph":[{"@type":"WebPage","@id":"https:\/\/idee21.ch\/de\/projet\/la-place-du-marche\/","url":"https:\/\/idee21.ch\/de\/projet\/la-place-du-marche\/","name":"La place est libre! &#8212; Consultation Place du March\u00e9 &#8212; Id\u00e9e 21","isPartOf":{"@id":"https:\/\/idee21.ch\/#website"},"primaryImageOfPage":{"@id":"https:\/\/idee21.ch\/de\/projet\/la-place-du-marche\/#primaryimage"},"image":{"@id":"https:\/\/idee21.ch\/de\/projet\/la-place-du-marche\/#primaryimage"},"thumbnailUrl":"https:\/\/idee21.ch\/wp-content\/uploads\/2020\/05\/imagetitre_placeestlibre.jpg","datePublished":"2017-05-19T07:55:00+00:00","dateModified":"2023-11-28T09:35:32+00:00","description":"D\u00e9marche participative \"La place est libre\" pour le r\u00e9am\u00e9nagement de la future place du March\u00e9 \u00e0 Vevey","breadcrumb":{"@id":"https:\/\/idee21.ch\/de\/projet\/la-place-du-marche\/#breadcrumb"},"inLanguage":"de-CH","potentialAction":[{"@type":"ReadAction","target":["https:\/\/idee21.ch\/de\/projet\/la-place-du-marche\/"]}]},{"@type":"ImageObject","inLanguage":"de-CH","@id":"https:\/\/idee21.ch\/de\/projet\/la-place-du-marche\/#primaryimage","url":"https:\/\/idee21.ch\/wp-content\/uploads\/2020\/05\/imagetitre_placeestlibre.jpg","contentUrl":"https:\/\/idee21.ch\/wp-content\/uploads\/2020\/05\/imagetitre_placeestlibre.jpg","width":1200,"height":765,"caption":"La Place est libre!"},{"@type":"BreadcrumbList","@id":"https:\/\/idee21.ch\/de\/projet\/la-place-du-marche\/#breadcrumb","itemListElement":[{"@type":"ListItem","position":1,"name":"Accueil","item":"https:\/\/idee21.ch\/de\/startseite\/"},{"@type":"ListItem","position":2,"name":"Projets","item":"https:\/\/idee21.ch\/de\/projet\/"},{"@type":"ListItem","position":3,"name":"La place est libre!"}]},{"@type":"WebSite","@id":"https:\/\/idee21.ch\/#website","url":"https:\/\/idee21.ch\/","name":"IDEE 21","description":"Strat\u00e9gies en durabilit\u00e9","publisher":{"@id":"https:\/\/idee21.ch\/#organization"},"potentialAction":[{"@type":"SearchAction","target":{"@type":"EntryPoint","urlTemplate":"https:\/\/idee21.ch\/?s={search_term_string}"},"query-input":{"@type":"PropertyValueSpecification","valueRequired":true,"valueName":"search_term_string"}}],"inLanguage":"de-CH"},{"@type":"Organization","@id":"https:\/\/idee21.ch\/#organization","name":"IDEE 21","url":"https:\/\/idee21.ch\/","logo":{"@type":"ImageObject","inLanguage":"de-CH","@id":"https:\/\/idee21.ch\/#\/schema\/logo\/image\/","url":"https:\/\/idee21.ch\/wp-content\/uploads\/2019\/10\/idee21_logo_noir_100_prod.png","contentUrl":"https:\/\/idee21.ch\/wp-content\/uploads\/2019\/10\/idee21_logo_noir_100_prod.png","width":150,"height":57,"caption":"IDEE 21"},"image":{"@id":"https:\/\/idee21.ch\/#\/schema\/logo\/image\/"}}]}},"_links":{"self":[{"href":"https:\/\/idee21.ch\/de\/wp-json\/wp\/v2\/projet\/3153","targetHints":{"allow":["GET"]}}],"collection":[{"href":"https:\/\/idee21.ch\/de\/wp-json\/wp\/v2\/projet"}],"about":[{"href":"https:\/\/idee21.ch\/de\/wp-json\/wp\/v2\/types\/projet"}],"wp:featuredmedia":[{"embeddable":true,"href":"https:\/\/idee21.ch\/de\/wp-json\/wp\/v2\/media\/1250"}],"wp:attachment":[{"href":"https:\/\/idee21.ch\/de\/wp-json\/wp\/v2\/media?parent=3153"}],"wp:term":[{"taxonomy":"category","embeddable":true,"href":"https:\/\/idee21.ch\/de\/wp-json\/wp\/v2\/category?post=3153"},{"taxonomy":"keywords","embeddable":true,"href":"https:\/\/idee21.ch\/de\/wp-json\/wp\/v2\/keywords?post=3153"}],"curies":[{"name":"wp","href":"https:\/\/api.w.org\/{rel}","templated":true}]}}

<!-- This site is optimized with the Yoast SEO plugin v27.5 - https://yoast.com/product/yoast-seo-wordpress/ -->
<title>La place est libre! &#8212; Consultation Place du Marché &#8212; Idée 21</title>
<meta name="description" content="Démarche participative &quot;La place est libre&quot; pour le réaménagement de la future place du Marché à Vevey" />
<meta name="robots" content="index, follow, max-snippet:-1, max-image-preview:large, max-video-preview:-1" />
<link rel="canonical" href="https://idee21.ch/de/projet/la-place-du-marche/" />
<meta property="og:locale" content="de_DE" />
<meta property="og:type" content="article" />
<meta property="og:title" content="La Place est libre!" />
<meta property="og:description" content="Démarche participative &quot;La place est libre&quot; pour le réaménagement de la future place du Marché à Vevey" />
<meta property="og:url" content="https://idee21.ch/de/projet/la-place-du-marche/" />
<meta property="og:site_name" content="Idée 21" />
<meta property="article:modified_time" content="2023-11-28T09:35:32+00:00" />
<meta property="og:image" content="https://idee21.ch/wp-content/uploads/2020/05/imagetitre_placeestlibre.jpg" />
	<meta property="og:image:width" content="1200" />
	<meta property="og:image:height" content="765" />
	<meta property="og:image:type" content="image/jpeg" />
<meta name="twitter:card" content="summary_large_image" />
<script type="application/ld+json" class="yoast-schema-graph">{"@context":"https:\/\/schema.org","@graph":[{"@type":"WebPage","@id":"https:\/\/idee21.ch\/de\/projet\/la-place-du-marche\/","url":"https:\/\/idee21.ch\/de\/projet\/la-place-du-marche\/","name":"La place est libre! &#8212; Consultation Place du Marché &#8212; Idée 21","isPartOf":{"@id":"https:\/\/idee21.ch\/#website"},"primaryImageOfPage":{"@id":"https:\/\/idee21.ch\/de\/projet\/la-place-du-marche\/#primaryimage"},"image":{"@id":"https:\/\/idee21.ch\/de\/projet\/la-place-du-marche\/#primaryimage"},"thumbnailUrl":"https:\/\/idee21.ch\/wp-content\/uploads\/2020\/05\/imagetitre_placeestlibre.jpg","datePublished":"2017-05-19T07:55:00+00:00","dateModified":"2023-11-28T09:35:32+00:00","description":"Démarche participative \"La place est libre\" pour le réaménagement de la future place du Marché à Vevey","breadcrumb":{"@id":"https:\/\/idee21.ch\/de\/projet\/la-place-du-marche\/#breadcrumb"},"inLanguage":"de-CH","potentialAction":[{"@type":"ReadAction","target":["https:\/\/idee21.ch\/de\/projet\/la-place-du-marche\/"]}]},{"@type":"ImageObject","inLanguage":"de-CH","@id":"https:\/\/idee21.ch\/de\/projet\/la-place-du-marche\/#primaryimage","url":"https:\/\/idee21.ch\/wp-content\/uploads\/2020\/05\/imagetitre_placeestlibre.jpg","contentUrl":"https:\/\/idee21.ch\/wp-content\/uploads\/2020\/05\/imagetitre_placeestlibre.jpg","width":1200,"height":765,"caption":"La Place est libre!"},{"@type":"BreadcrumbList","@id":"https:\/\/idee21.ch\/de\/projet\/la-place-du-marche\/#breadcrumb","itemListElement":[{"@type":"ListItem","position":1,"name":"Accueil","item":"https:\/\/idee21.ch\/de\/startseite\/"},{"@type":"ListItem","position":2,"name":"Projets","item":"https:\/\/idee21.ch\/de\/projet\/"},{"@type":"ListItem","position":3,"name":"La place est libre!"}]},{"@type":"WebSite","@id":"https:\/\/idee21.ch\/#website","url":"https:\/\/idee21.ch\/","name":"IDEE 21","description":"Stratégies en durabilité","publisher":{"@id":"https:\/\/idee21.ch\/#organization"},"potentialAction":[{"@type":"SearchAction","target":{"@type":"EntryPoint","urlTemplate":"https:\/\/idee21.ch\/?s={search_term_string}"},"query-input":{"@type":"PropertyValueSpecification","valueRequired":true,"valueName":"search_term_string"}}],"inLanguage":"de-CH"},{"@type":"Organization","@id":"https:\/\/idee21.ch\/#organization","name":"IDEE 21","url":"https:\/\/idee21.ch\/","logo":{"@type":"ImageObject","inLanguage":"de-CH","@id":"https:\/\/idee21.ch\/#\/schema\/logo\/image\/","url":"https:\/\/idee21.ch\/wp-content\/uploads\/2019\/10\/idee21_logo_noir_100_prod.png","contentUrl":"https:\/\/idee21.ch\/wp-content\/uploads\/2019\/10\/idee21_logo_noir_100_prod.png","width":150,"height":57,"caption":"IDEE 21"},"image":{"@id":"https:\/\/idee21.ch\/#\/schema\/logo\/image\/"}}]}</script>
<!-- / Yoast SEO plugin. -->

La place est libre! &#8212; Consultation Place du Marché &#8212; Idée 21

Démarche participative "La place est libre" pour le réaménagement de la future place du Marché à Vevey

Idée 21

Stratégies en durabilité
