{"id":2905,"date":"2022-09-20T17:23:31","date_gmt":"2022-09-20T15:23:31","guid":{"rendered":"https:\/\/idee21.ch\/projet\/reamenagement-des-quais-du-bas\/"},"modified":"2023-02-08T09:13:20","modified_gmt":"2023-02-08T08:13:20","slug":"biel-neugestaltung-des-unteren-quais","status":"publish","type":"projet","link":"https:\/\/idee21.ch\/de\/projet\/biel-neugestaltung-des-unteren-quais\/","title":{"rendered":"Biel &#8211; Neugestaltung des Unteren Quais"},"content":{"rendered":"","protected":false},"featured_media":2885,"template":"","category":[36],"keywords":[100,95],"class_list":["post-2905","projet","type-projet","status-publish","has-post-thumbnail","hentry","category-partizipation","keywords-teilnahme","keywords-stadtplanung"],"acf":[],"yoast_head":"<!-- This site is optimized with the Yoast SEO plugin v27.5 - https:\/\/yoast.com\/product\/yoast-seo-wordpress\/ -->\n<title>Biel - Neugestaltung des Unteren Quais &#8212; Id\u00e9e 21<\/title>\n<meta name=\"description\" content=\"Une concertation compl\u00e8te, du diagnostic jusqu&#039;aux pr\u00e9figurations, pour des espaces publics r\u00e9ellement partag\u00e9s\" \/>\n<meta name=\"robots\" content=\"index, follow, max-snippet:-1, max-image-preview:large, max-video-preview:-1\" \/>\n<link rel=\"canonical\" href=\"https:\/\/idee21.ch\/de\/projet\/biel-neugestaltung-des-unteren-quais\/\" \/>\n<meta property=\"og:locale\" content=\"de_DE\" \/>\n<meta property=\"og:type\" content=\"article\" \/>\n<meta property=\"og:title\" content=\"Biel - Neugestaltung des Unteren Quais &#8212; Id\u00e9e 21\" \/>\n<meta property=\"og:description\" content=\"Une concertation compl\u00e8te, du diagnostic jusqu&#039;aux pr\u00e9figurations, pour des espaces publics r\u00e9ellement partag\u00e9s\" \/>\n<meta property=\"og:url\" content=\"https:\/\/idee21.ch\/de\/projet\/biel-neugestaltung-des-unteren-quais\/\" \/>\n<meta property=\"og:site_name\" content=\"Id\u00e9e 21\" \/>\n<meta property=\"article:modified_time\" content=\"2023-02-08T08:13:20+00:00\" \/>\n<meta property=\"og:image\" content=\"https:\/\/idee21.ch\/wp-content\/uploads\/2022\/09\/p1077783couv-scaled.jpg\" \/>\n\t<meta property=\"og:image:width\" content=\"2880\" \/>\n\t<meta property=\"og:image:height\" content=\"1921\" \/>\n\t<meta property=\"og:image:type\" content=\"image\/jpeg\" \/>\n<meta name=\"twitter:card\" content=\"summary_large_image\" \/>\n<script type=\"application\/ld+json\" class=\"yoast-schema-graph\">{\"@context\":\"https:\\\/\\\/schema.org\",\"@graph\":[{\"@type\":\"WebPage\",\"@id\":\"https:\\\/\\\/idee21.ch\\\/de\\\/projet\\\/biel-neugestaltung-des-unteren-quais\\\/\",\"url\":\"https:\\\/\\\/idee21.ch\\\/de\\\/projet\\\/biel-neugestaltung-des-unteren-quais\\\/\",\"name\":\"Biel - Neugestaltung des Unteren Quais &#8212; Id\u00e9e 21\",\"isPartOf\":{\"@id\":\"https:\\\/\\\/idee21.ch\\\/#website\"},\"primaryImageOfPage\":{\"@id\":\"https:\\\/\\\/idee21.ch\\\/de\\\/projet\\\/biel-neugestaltung-des-unteren-quais\\\/#primaryimage\"},\"image\":{\"@id\":\"https:\\\/\\\/idee21.ch\\\/de\\\/projet\\\/biel-neugestaltung-des-unteren-quais\\\/#primaryimage\"},\"thumbnailUrl\":\"https:\\\/\\\/idee21.ch\\\/wp-content\\\/uploads\\\/2022\\\/09\\\/p1077783couv-scaled.jpg\",\"datePublished\":\"2022-09-20T15:23:31+00:00\",\"dateModified\":\"2023-02-08T08:13:20+00:00\",\"description\":\"Une concertation compl\u00e8te, du diagnostic jusqu'aux pr\u00e9figurations, pour des espaces publics r\u00e9ellement partag\u00e9s\",\"breadcrumb\":{\"@id\":\"https:\\\/\\\/idee21.ch\\\/de\\\/projet\\\/biel-neugestaltung-des-unteren-quais\\\/#breadcrumb\"},\"inLanguage\":\"de-CH\",\"potentialAction\":[{\"@type\":\"ReadAction\",\"target\":[\"https:\\\/\\\/idee21.ch\\\/de\\\/projet\\\/biel-neugestaltung-des-unteren-quais\\\/\"]}]},{\"@type\":\"ImageObject\",\"inLanguage\":\"de-CH\",\"@id\":\"https:\\\/\\\/idee21.ch\\\/de\\\/projet\\\/biel-neugestaltung-des-unteren-quais\\\/#primaryimage\",\"url\":\"https:\\\/\\\/idee21.ch\\\/wp-content\\\/uploads\\\/2022\\\/09\\\/p1077783couv-scaled.jpg\",\"contentUrl\":\"https:\\\/\\\/idee21.ch\\\/wp-content\\\/uploads\\\/2022\\\/09\\\/p1077783couv-scaled.jpg\",\"width\":2880,\"height\":1921},{\"@type\":\"BreadcrumbList\",\"@id\":\"https:\\\/\\\/idee21.ch\\\/de\\\/projet\\\/biel-neugestaltung-des-unteren-quais\\\/#breadcrumb\",\"itemListElement\":[{\"@type\":\"ListItem\",\"position\":1,\"name\":\"Accueil\",\"item\":\"https:\\\/\\\/idee21.ch\\\/de\\\/startseite\\\/\"},{\"@type\":\"ListItem\",\"position\":2,\"name\":\"Projets\",\"item\":\"https:\\\/\\\/idee21.ch\\\/de\\\/projet\\\/\"},{\"@type\":\"ListItem\",\"position\":3,\"name\":\"Biel &#8211; Neugestaltung des Unteren Quais\"}]},{\"@type\":\"WebSite\",\"@id\":\"https:\\\/\\\/idee21.ch\\\/#website\",\"url\":\"https:\\\/\\\/idee21.ch\\\/\",\"name\":\"IDEE 21\",\"description\":\"Strat\u00e9gies en durabilit\u00e9\",\"publisher\":{\"@id\":\"https:\\\/\\\/idee21.ch\\\/#organization\"},\"potentialAction\":[{\"@type\":\"SearchAction\",\"target\":{\"@type\":\"EntryPoint\",\"urlTemplate\":\"https:\\\/\\\/idee21.ch\\\/?s={search_term_string}\"},\"query-input\":{\"@type\":\"PropertyValueSpecification\",\"valueRequired\":true,\"valueName\":\"search_term_string\"}}],\"inLanguage\":\"de-CH\"},{\"@type\":\"Organization\",\"@id\":\"https:\\\/\\\/idee21.ch\\\/#organization\",\"name\":\"IDEE 21\",\"url\":\"https:\\\/\\\/idee21.ch\\\/\",\"logo\":{\"@type\":\"ImageObject\",\"inLanguage\":\"de-CH\",\"@id\":\"https:\\\/\\\/idee21.ch\\\/#\\\/schema\\\/logo\\\/image\\\/\",\"url\":\"https:\\\/\\\/idee21.ch\\\/wp-content\\\/uploads\\\/2019\\\/10\\\/idee21_logo_noir_100_prod.png\",\"contentUrl\":\"https:\\\/\\\/idee21.ch\\\/wp-content\\\/uploads\\\/2019\\\/10\\\/idee21_logo_noir_100_prod.png\",\"width\":150,\"height\":57,\"caption\":\"IDEE 21\"},\"image\":{\"@id\":\"https:\\\/\\\/idee21.ch\\\/#\\\/schema\\\/logo\\\/image\\\/\"}}]}<\/script>\n<!-- \/ Yoast SEO plugin. -->","yoast_head_json":{"title":"Biel - Neugestaltung des Unteren Quais &#8212; Id\u00e9e 21","description":"Une concertation compl\u00e8te, du diagnostic jusqu'aux pr\u00e9figurations, pour des espaces publics r\u00e9ellement partag\u00e9s","robots":{"index":"index","follow":"follow","max-snippet":"max-snippet:-1","max-image-preview":"max-image-preview:large","max-video-preview":"max-video-preview:-1"},"canonical":"https:\/\/idee21.ch\/de\/projet\/biel-neugestaltung-des-unteren-quais\/","og_locale":"de_DE","og_type":"article","og_title":"Biel - Neugestaltung des Unteren Quais &#8212; Id\u00e9e 21","og_description":"Une concertation compl\u00e8te, du diagnostic jusqu'aux pr\u00e9figurations, pour des espaces publics r\u00e9ellement partag\u00e9s","og_url":"https:\/\/idee21.ch\/de\/projet\/biel-neugestaltung-des-unteren-quais\/","og_site_name":"Id\u00e9e 21","article_modified_time":"2023-02-08T08:13:20+00:00","og_image":[{"width":2880,"height":1921,"url":"https:\/\/idee21.ch\/wp-content\/uploads\/2022\/09\/p1077783couv-scaled.jpg","type":"image\/jpeg"}],"twitter_card":"summary_large_image","schema":{"@context":"https:\/\/schema.org","@graph":[{"@type":"WebPage","@id":"https:\/\/idee21.ch\/de\/projet\/biel-neugestaltung-des-unteren-quais\/","url":"https:\/\/idee21.ch\/de\/projet\/biel-neugestaltung-des-unteren-quais\/","name":"Biel - Neugestaltung des Unteren Quais &#8212; Id\u00e9e 21","isPartOf":{"@id":"https:\/\/idee21.ch\/#website"},"primaryImageOfPage":{"@id":"https:\/\/idee21.ch\/de\/projet\/biel-neugestaltung-des-unteren-quais\/#primaryimage"},"image":{"@id":"https:\/\/idee21.ch\/de\/projet\/biel-neugestaltung-des-unteren-quais\/#primaryimage"},"thumbnailUrl":"https:\/\/idee21.ch\/wp-content\/uploads\/2022\/09\/p1077783couv-scaled.jpg","datePublished":"2022-09-20T15:23:31+00:00","dateModified":"2023-02-08T08:13:20+00:00","description":"Une concertation compl\u00e8te, du diagnostic jusqu'aux pr\u00e9figurations, pour des espaces publics r\u00e9ellement partag\u00e9s","breadcrumb":{"@id":"https:\/\/idee21.ch\/de\/projet\/biel-neugestaltung-des-unteren-quais\/#breadcrumb"},"inLanguage":"de-CH","potentialAction":[{"@type":"ReadAction","target":["https:\/\/idee21.ch\/de\/projet\/biel-neugestaltung-des-unteren-quais\/"]}]},{"@type":"ImageObject","inLanguage":"de-CH","@id":"https:\/\/idee21.ch\/de\/projet\/biel-neugestaltung-des-unteren-quais\/#primaryimage","url":"https:\/\/idee21.ch\/wp-content\/uploads\/2022\/09\/p1077783couv-scaled.jpg","contentUrl":"https:\/\/idee21.ch\/wp-content\/uploads\/2022\/09\/p1077783couv-scaled.jpg","width":2880,"height":1921},{"@type":"BreadcrumbList","@id":"https:\/\/idee21.ch\/de\/projet\/biel-neugestaltung-des-unteren-quais\/#breadcrumb","itemListElement":[{"@type":"ListItem","position":1,"name":"Accueil","item":"https:\/\/idee21.ch\/de\/startseite\/"},{"@type":"ListItem","position":2,"name":"Projets","item":"https:\/\/idee21.ch\/de\/projet\/"},{"@type":"ListItem","position":3,"name":"Biel &#8211; Neugestaltung des Unteren Quais"}]},{"@type":"WebSite","@id":"https:\/\/idee21.ch\/#website","url":"https:\/\/idee21.ch\/","name":"IDEE 21","description":"Strat\u00e9gies en durabilit\u00e9","publisher":{"@id":"https:\/\/idee21.ch\/#organization"},"potentialAction":[{"@type":"SearchAction","target":{"@type":"EntryPoint","urlTemplate":"https:\/\/idee21.ch\/?s={search_term_string}"},"query-input":{"@type":"PropertyValueSpecification","valueRequired":true,"valueName":"search_term_string"}}],"inLanguage":"de-CH"},{"@type":"Organization","@id":"https:\/\/idee21.ch\/#organization","name":"IDEE 21","url":"https:\/\/idee21.ch\/","logo":{"@type":"ImageObject","inLanguage":"de-CH","@id":"https:\/\/idee21.ch\/#\/schema\/logo\/image\/","url":"https:\/\/idee21.ch\/wp-content\/uploads\/2019\/10\/idee21_logo_noir_100_prod.png","contentUrl":"https:\/\/idee21.ch\/wp-content\/uploads\/2019\/10\/idee21_logo_noir_100_prod.png","width":150,"height":57,"caption":"IDEE 21"},"image":{"@id":"https:\/\/idee21.ch\/#\/schema\/logo\/image\/"}}]}},"_links":{"self":[{"href":"https:\/\/idee21.ch\/de\/wp-json\/wp\/v2\/projet\/2905","targetHints":{"allow":["GET"]}}],"collection":[{"href":"https:\/\/idee21.ch\/de\/wp-json\/wp\/v2\/projet"}],"about":[{"href":"https:\/\/idee21.ch\/de\/wp-json\/wp\/v2\/types\/projet"}],"wp:featuredmedia":[{"embeddable":true,"href":"https:\/\/idee21.ch\/de\/wp-json\/wp\/v2\/media\/2885"}],"wp:attachment":[{"href":"https:\/\/idee21.ch\/de\/wp-json\/wp\/v2\/media?parent=2905"}],"wp:term":[{"taxonomy":"category","embeddable":true,"href":"https:\/\/idee21.ch\/de\/wp-json\/wp\/v2\/category?post=2905"},{"taxonomy":"keywords","embeddable":true,"href":"https:\/\/idee21.ch\/de\/wp-json\/wp\/v2\/keywords?post=2905"}],"curies":[{"name":"wp","href":"https:\/\/api.w.org\/{rel}","templated":true}]}}

<!-- This site is optimized with the Yoast SEO plugin v27.5 - https://yoast.com/product/yoast-seo-wordpress/ -->
<title>Biel - Neugestaltung des Unteren Quais &#8212; Idée 21</title>
<meta name="description" content="Une concertation complète, du diagnostic jusqu&#039;aux préfigurations, pour des espaces publics réellement partagés" />
<meta name="robots" content="index, follow, max-snippet:-1, max-image-preview:large, max-video-preview:-1" />
<link rel="canonical" href="https://idee21.ch/de/projet/biel-neugestaltung-des-unteren-quais/" />
<meta property="og:locale" content="de_DE" />
<meta property="og:type" content="article" />
<meta property="og:title" content="Biel - Neugestaltung des Unteren Quais &#8212; Idée 21" />
<meta property="og:description" content="Une concertation complète, du diagnostic jusqu&#039;aux préfigurations, pour des espaces publics réellement partagés" />
<meta property="og:url" content="https://idee21.ch/de/projet/biel-neugestaltung-des-unteren-quais/" />
<meta property="og:site_name" content="Idée 21" />
<meta property="article:modified_time" content="2023-02-08T08:13:20+00:00" />
<meta property="og:image" content="https://idee21.ch/wp-content/uploads/2022/09/p1077783couv-scaled.jpg" />
	<meta property="og:image:width" content="2880" />
	<meta property="og:image:height" content="1921" />
	<meta property="og:image:type" content="image/jpeg" />
<meta name="twitter:card" content="summary_large_image" />
<script type="application/ld+json" class="yoast-schema-graph">{"@context":"https:\/\/schema.org","@graph":[{"@type":"WebPage","@id":"https:\/\/idee21.ch\/de\/projet\/biel-neugestaltung-des-unteren-quais\/","url":"https:\/\/idee21.ch\/de\/projet\/biel-neugestaltung-des-unteren-quais\/","name":"Biel - Neugestaltung des Unteren Quais &#8212; Idée 21","isPartOf":{"@id":"https:\/\/idee21.ch\/#website"},"primaryImageOfPage":{"@id":"https:\/\/idee21.ch\/de\/projet\/biel-neugestaltung-des-unteren-quais\/#primaryimage"},"image":{"@id":"https:\/\/idee21.ch\/de\/projet\/biel-neugestaltung-des-unteren-quais\/#primaryimage"},"thumbnailUrl":"https:\/\/idee21.ch\/wp-content\/uploads\/2022\/09\/p1077783couv-scaled.jpg","datePublished":"2022-09-20T15:23:31+00:00","dateModified":"2023-02-08T08:13:20+00:00","description":"Une concertation complète, du diagnostic jusqu'aux préfigurations, pour des espaces publics réellement partagés","breadcrumb":{"@id":"https:\/\/idee21.ch\/de\/projet\/biel-neugestaltung-des-unteren-quais\/#breadcrumb"},"inLanguage":"de-CH","potentialAction":[{"@type":"ReadAction","target":["https:\/\/idee21.ch\/de\/projet\/biel-neugestaltung-des-unteren-quais\/"]}]},{"@type":"ImageObject","inLanguage":"de-CH","@id":"https:\/\/idee21.ch\/de\/projet\/biel-neugestaltung-des-unteren-quais\/#primaryimage","url":"https:\/\/idee21.ch\/wp-content\/uploads\/2022\/09\/p1077783couv-scaled.jpg","contentUrl":"https:\/\/idee21.ch\/wp-content\/uploads\/2022\/09\/p1077783couv-scaled.jpg","width":2880,"height":1921},{"@type":"BreadcrumbList","@id":"https:\/\/idee21.ch\/de\/projet\/biel-neugestaltung-des-unteren-quais\/#breadcrumb","itemListElement":[{"@type":"ListItem","position":1,"name":"Accueil","item":"https:\/\/idee21.ch\/de\/startseite\/"},{"@type":"ListItem","position":2,"name":"Projets","item":"https:\/\/idee21.ch\/de\/projet\/"},{"@type":"ListItem","position":3,"name":"Biel &#8211; Neugestaltung des Unteren Quais"}]},{"@type":"WebSite","@id":"https:\/\/idee21.ch\/#website","url":"https:\/\/idee21.ch\/","name":"IDEE 21","description":"Stratégies en durabilité","publisher":{"@id":"https:\/\/idee21.ch\/#organization"},"potentialAction":[{"@type":"SearchAction","target":{"@type":"EntryPoint","urlTemplate":"https:\/\/idee21.ch\/?s={search_term_string}"},"query-input":{"@type":"PropertyValueSpecification","valueRequired":true,"valueName":"search_term_string"}}],"inLanguage":"de-CH"},{"@type":"Organization","@id":"https:\/\/idee21.ch\/#organization","name":"IDEE 21","url":"https:\/\/idee21.ch\/","logo":{"@type":"ImageObject","inLanguage":"de-CH","@id":"https:\/\/idee21.ch\/#\/schema\/logo\/image\/","url":"https:\/\/idee21.ch\/wp-content\/uploads\/2019\/10\/idee21_logo_noir_100_prod.png","contentUrl":"https:\/\/idee21.ch\/wp-content\/uploads\/2019\/10\/idee21_logo_noir_100_prod.png","width":150,"height":57,"caption":"IDEE 21"},"image":{"@id":"https:\/\/idee21.ch\/#\/schema\/logo\/image\/"}}]}</script>
<!-- / Yoast SEO plugin. -->

Biel - Neugestaltung des Unteren Quais &#8212; Idée 21

Une concertation complète, du diagnostic jusqu'aux préfigurations, pour des espaces publics réellement partagés

Idée 21

Stratégies en durabilité
